s 1251442 - -4?
1251446
In base 15, what is -5 - -3908a?
39085
In base 10, what is 5 + -12456?
-12451
In base 10, what is 1 - 30341?
-30340
In base 15, what is -577b - -3?
-5778
In base 14, what is 929b - -4?
92a1
In base 9, what is -1088851 + -3?
-1088854
In base 14, what is 2bb60 + -1?
2bb5d
In base 15, what is b1cd5 - 2?
b1cd3
In base 6, what is -1021214 - -4?
-1021210
In base 14, what is 2d2 + 4a0?
792
In base 14, what is -12 + 13873?
13861
In base 7, what is -244044 - -5?
-244036
In base 15, what is 1 - -136aa?
136ab
In base 13, what is 2 - 27a8?
-27a6
In base 12, what is -2 + 28165?
28163
In base 12, what is 49a0 + 48?
4a28
In base 6, what is 10022 - 1142?
4440
In base 11, what is -82757 + 0?
-82757
In base 11, what is 41 + -2200?
-216a
In base 9, what is 8876 - 17?
8858
In base 5, what is 40411 + 40?
41001
In base 10, what is 25 + 6341?
6366
In base 8, what is -71237 - 1?
-71240
In base 16, what is -4 - b683b?
-b683f
In base 6, what is 35 + -145435?
-145400
In base 8, what is -3350 - 422?
-3772
In base 9, what is 3 - -15767?
15771
In base 3, what is -102010 - 220122?
-1022202
In base 16, what is 32f - 72?
2bd
In base 3, what is -22011111 + 12?
-22011022
In base 13, what is -7 + 369?
362
In base 6, what is -101021 + -452?
-101513
In base 2, what is -1111 + -111010011000000001?
-111010011000010000
In base 12, what is -1a - -b27?
b09
In base 8, what is -35112 + -371?
-35503
In base 10, what is -3134282 - 4?
-3134286
In base 16, what is -3c5 + 39?
-38c
In base 4, what is 1222220031 + -11?
1222220020
In base 6, what is -10 - -2441?
2431
In base 5, what is 1404032 + -302?
1403230
In base 3, what is -102102 + 10102?
-22000
In base 11, what is -2 - -664a?
6648
In base 6, what is -232231 - 204?
-232435
In base 13, what is 12 + 7881?
7893
In base 11, what is 97 - 159a7?
-15910
In base 16, what is a1ad7 + -3?
a1ad4
In base 7, what is -10432 - -13?
-10416
In base 10, what is -2 - 13295?
-13297
In base 6, what is -403 + 145?
-214
In base 10, what is 1 + -10690?
-10689
In base 14, what is -9023 + 2?
-9021
In base 12, what is -5 - -157b5?
157b0
In base 11, what is 1989 + 9?
1997
In base 7, what is -652 - -115?
-534
In base 3, what is 20122211222 - 100?
20122211122
In base 14, what is 377 - 2d22?
-2989
In base 15, what is b9772 + -5?
b976c
In base 8, what is 260 - -12622?
13102
In base 12, what is -1 - -73a?
739
In base 12, what is -1b32741 + 0?
-1b32741
In base 12, what is -18320 + -a?
-1832a
In base 15, what is ac593 + 3?
ac596
In base 12, what is -3 - -5ab4?
5ab1
In base 3, what is -11212212 - -12?
-11212200
In base 2, what is -1111001101011 + 100110?
-1111001000101
In base 12, what is -66 - -3629?
3583
In base 5, what is -1 - -12030044?
12030043
In base 14, what is 23b + 61?
29c
In base 2, what is 111100111100100011 - 1?
111100111100100010
In base 16, what is -a6f - 46?
-ab5
In base 13, what is 1445 - -b?
1453
In base 11, what is -a725 - 3?
-a728
In base 7, what is 4206225 + 0?
4206225
In base 7, what is 30514 - -35?
30552
In base 2, what is -1100000 - -110011110001001?
110011100101001
In base 5, what is -21400 + -41?
-21441
In base 7, what is 50535 + -15?
50520
In base 12, what is 842b - 0?
842b
In base 16, what is -5 - b27?
-b2c
In base 16, what is 49 - -77be?
7807
In base 13, what is 13 - -b66?
b79
In base 4, what is 11 + -1002001222?
-1002001211
In base 14, what is 467 + 7c?
505
In base 10, what is -3 + -8935?
-8938
In base 4, what is 22212 + -31212?
-3000
In base 12, what is b77 - 9bb?
178
In base 13, what is -16 - -17aa?
1794
In base 13, what is -2 - -194711?
19470c
In base 15, what is 2 - -ec20?
ec22
In base 10, what is -33070 - 1?
-33071
In base 10, what is 35 + -11354?
-11319
In base 15, what is 2 + 299a?
299c
In base 3, what is 21110202200 - 11?
21110202112
In base 5, what is -304310 + 30?
-304230
In base 11, what is -1115a45 - 1?
-1115a46
In base 15, what is -5 + -17e6?
-17eb
In base 10, what is 5542 + 21?
5563
In base 3, what is -200022 + -221?
-201020
In base 8, what is 1774137 - 5?
1774132
In base 9, what is 1 - 82387?
-82386
In base 16, what is -4045 - 2f?
-4074
In base 4, what is 20023110 - -10?
20023120
In base 14, what is -1346 + c?
-1338
In base 4, what is -200330101 - -10?
-200330031
In base 13, what is -4 + 3ba9?
3ba5
In base 8, what is 132 + 2211?
2343
In base 11, what is -1792a52 + 3?
-1792a4a
In base 5, what is 1223 + -110124?
-103401
In base 7, what is 25 - 13454?
-13426
In base 3, what is 1 + -20210102111?
-20210102110
In base 16, what is e - 793e?
-7930
In base 4, what is 11 - -11301133?
11301210
In base 12, what is -70875 - -15?
-70860
In base 12, what is -14 - -a628?
a614
In base 4, what is -12 - -10200111?
10200033
In base 5, what is 0 + 2031423?
2031423
In base 8, what is 0 + -672247?
-672247
In base 4, what is 13010 - 2321?
10023
In base 13, what is -11801 + -15?
-11816
In base 8, what is -6 - -101524?
101516
In base 3, what is -10002 - 2222211?
-10002220
In base 16, what is a87a - 4?
a876
In base 15, what is -4a1 - 197d?
-1e2e
In base 3, what is -11 - -11022121?
11022110
In base 4, what is -323213132 + -10?
-323213202
In base 4, what is 30032 - 102?
23330
In base 15, what is -39dee - 6?
-39e05
In base 2, what is 110010001001 + -10010?
110001110111
In base 6, what is 4 + 21055?
21103
In base 9, what is 1 + -5783?
-5782
In base 3, what is 12 + 12210110?
12210122
In base 15, what is -b71 + 3a?
-b36
In base 11, what is 189a59 + 9?
189a67
In base 16, what is -ac2 + 56?
-a6c
In base 8, what is 32421 + -11?
32410
In base 9, what is -268 - -431?
152
In base 15, what is 85 - -2b62?
2be7
In base 4, what is -1 - 11013021?
-11013022
In base 3, what is 20 - -202120?
202210
In base 12, what is -319 - -30?
-2a9
In base 11, what is -244505 + -4?
-244509
In base 5, what is 10013210 + 2?
10013212
In base 9, what is 4 + -137880?
-137875
In base 11, what is -24a1244 + -4?
-24a1248
In base 11, what is 29aa - -2?
2a01
In base 2, what is 10 + 100010100000000001?
100010100000000011
In base 6, what is 243 + -14012?
-13325
In base 14, what is 310a - 4?
3106
In base 3, what is -12202121110 - -1?
-12202121102
In base 3, what is 21001112 + 22?
21001211
In base 10, what is -19 - 16346?
-16365
In base 6, what is -221 + -1102?
-1323
In base 6, what is -3 - 12540?
-12543
In base 10, what is 3732 + 439?
4171
In base 14, what is -2b54 - 22?
-2b76
In base 2, what is 110100101010010 - 101?
110100101001101
In base 6, what is 22125 + -100?
22025
In base 4, what is -11 + -12010310333?
-12010311010
In base 8, what is -11 + 405?
374
In base 5, what is -1012142 - 0?
-1012142
In base 16, what is -22d - -2ef?
c2
In base 6, what is -24223545 - -2?
-24223543
In base 15, what is 66d + -13?
65a
In base 15, what is -4 - -213d?
2139
In base 14, what is -1b + -452b?
-4548
In base 15, what is -3bd - -7?
-3b6
In base 12, what is -22b05 + 2?
-22b03
In base 10, what is -276 - -511?
235
In base 3, what is -11100 - -101112211?
101101111
In base 11, what is -7679 - -81?
-75a8
In base 11, what is -56a4 - 3?
-56a7
In base 5, what is 1430302044 - -1?
1430302100
In base 16, what is -134 - -1e?
-116
In base 6, what is -12 - -533135?
533123
In base 12, what is -349 - -99?
-270
In base 14, what is 443 - -16b?
5b0
In base 13, what is 7c + -1651?
-15a2
In base 6, what is -1205014 - 2?
-1205020
In base 11, what is 97a4 + -4?
97a0
In base 15, what is 4 - 39ba7?
-39ba3
In base 8, what is 5451 - -642?
6313
In base 13, what is -17 - -2c921?
2c907
In base 5, what is 110 + -321110?
-321000
In base 7, what is -6111 - -101?
-6010
In base 3, what is 11 + -2020022121?
-2020022110
In base 11, what is 5828 - 5?
5823
In base 9, what is 0 + -26141?
-26141
In base 5, what is 1 + 11302411?
11302412
In base 3, what is -2112202 + 111211?
-2000221
In base 8, what is -2 - -2730525?
2730523
In base 14, what is -4 + 606db?
606d7
In base 10, what is -378851 - -4?
-378847
In base 8, what is 2 - 114122?
-114120
In base 12, what is 992b - 5?
9926
In base 4, what is 1000020 + 21?
1000101
In base 8, what is 11 - -5241?
5252
In base 5, what is 3 + 4423441?
4423444
In base 13, what is 0 - b0809?
-b0809
In base 4, what is -102 - 11232301?
-11233003
In base 10, what is -5 + 272927?
272922
In base 2, what is -1011110101110 + 110?
-1011110101000
In base 4, what is -10 - -233111320?
233111310
In base 5, what is 2